{"id":679,"date":"2014-07-08T22:31:37","date_gmt":"2014-07-08T21:31:37","guid":{"rendered":"http:\/\/www.creastro.fr\/WP\/?page_id=679"},"modified":"2025-03-08T23:08:33","modified_gmt":"2025-03-08T22:08:33","slug":"qui","status":"publish","type":"page","link":"https:\/\/www.creastro.fr\/WP\/qui\/","title":{"rendered":"Qui suis-je ?"},"content":{"rendered":"<p><a href=\"http:\/\/www.creastro.fr\/WP\/wp-content\/uploads\/2018\/05\/P1140362c.jpg\"><img decoding=\"async\" class=\"alignleft wp-image-3374\" src=\"http:\/\/www.creastro.fr\/WP\/wp-content\/uploads\/2018\/05\/P1140362c-265x300.jpg\" alt=\"\" width=\"180\" height=\"204\" srcset=\"https:\/\/www.creastro.fr\/WP\/wp-content\/uploads\/2018\/05\/P1140362c-200x227.jpg 200w, https:\/\/www.creastro.fr\/WP\/wp-content\/uploads\/2018\/05\/P1140362c-265x300.jpg 265w, https:\/\/www.creastro.fr\/WP\/wp-content\/uploads\/2018\/05\/P1140362c-400x453.jpg 400w, https:\/\/www.creastro.fr\/WP\/wp-content\/uploads\/2018\/05\/P1140362c.jpg 595w\" sizes=\"(max-width: 180px) 100vw, 180px\" \/><\/a>Bonjour, \u00a0je m&rsquo;appelle Philippe Sonneville.<\/p>\n<p>Il y a plus de 35 ans, que je m\u2019initie \u00e0 l\u2019\u00e9tude de la symbolique astrologique\u2026<\/p>\n<p>Form\u00e9 \u00e0 la m\u00e9thode d\u2019investigation de la \u00ab m\u00e9moire du corps \u00bb, mes recherches m&rsquo;ont amen\u00e9 \u00e0 donner naissance \u00e0 l&rsquo;Astrologie en M\u00e9moire Cellulaire.<\/p>\n<p>La connaissance des Cycles Biologiques M\u00e9moris\u00e9s, l\u2019approche du D\u00e9codage Biologique, l\u2019Olfactoth\u00e9rapie m\u2019ont permis d\u2019enrichir encore mon approche de cet art sacr\u00e9\u2026<\/p>\n<p>Depuis 1990, j\u2019enseigne l\u2019Astrologie en M\u00e9moire Cellulaire, pratique comme consultant et travaille en partenariat avec des th\u00e9rapeutes et praticiens de m\u00e9decines douces et alternatives\u2026<\/p>\n","protected":false},"excerpt":{"rendered":"<p>Bonjour, \u00a0je m&rsquo;appelle Philippe Sonneville. Il y a plus de 35 ans, que je m\u2019initie \u00e0 l\u2019\u00e9tude de la symbolique astrologique\u2026 Form\u00e9 \u00e0 la m\u00e9thode d\u2019investigation de la \u00ab m\u00e9moire du corps \u00bb, mes recherches m&rsquo;ont amen\u00e9 \u00e0 donner naissance \u00e0 l&rsquo;Astrologie en M\u00e9moire Cellulaire. La connaissance des Cycles Biologiques M\u00e9moris\u00e9s, l\u2019approche du D\u00e9codage Biologique,  [&#8230;]<\/p>\n","protected":false},"author":1,"featured_media":0,"parent":0,"menu_order":2,"comment_status":"closed","ping_status":"open","template":"","meta":{"footnotes":""},"class_list":["post-679","page","type-page","status-publish","hentry"],"yoast_head":"<!-- This site is optimized with the Yoast SEO plugin v27.3 - https:\/\/yoast.com\/product\/yoast-seo-wordpress\/ -->\n<title>Qui suis-je ? - creastro<\/title>\n<meta name=\"robots\" content=\"index, follow, max-snippet:-1, max-image-preview:large, max-video-preview:-1\" \/>\n<link rel=\"canonical\" href=\"https:\/\/www.creastro.fr\/WP\/qui\/\" \/>\n<meta property=\"og:locale\" content=\"fr_FR\" \/>\n<meta property=\"og:type\" content=\"article\" \/>\n<meta property=\"og:title\" content=\"Qui suis-je ? - creastro\" \/>\n<meta property=\"og:description\" content=\"Bonjour, \u00a0je m&rsquo;appelle Philippe Sonneville. Il y a plus de 35 ans, que je m\u2019initie \u00e0 l\u2019\u00e9tude de la symbolique astrologique\u2026 Form\u00e9 \u00e0 la m\u00e9thode d\u2019investigation de la \u00ab m\u00e9moire du corps \u00bb, mes recherches m&rsquo;ont amen\u00e9 \u00e0 donner naissance \u00e0 l&rsquo;Astrologie en M\u00e9moire Cellulaire. La connaissance des Cycles Biologiques M\u00e9moris\u00e9s, l\u2019approche du D\u00e9codage Biologique, [...]\" \/>\n<meta property=\"og:url\" content=\"https:\/\/www.creastro.fr\/WP\/qui\/\" \/>\n<meta property=\"og:site_name\" content=\"creastro\" \/>\n<meta property=\"article:modified_time\" content=\"2025-03-08T22:08:33+00:00\" \/>\n<meta property=\"og:image\" content=\"http:\/\/www.creastro.fr\/WP\/wp-content\/uploads\/2018\/05\/P1140362c-265x300.jpg\" \/>\n<meta name=\"twitter:card\" content=\"summary_large_image\" \/>\n<meta name=\"twitter:label1\" content=\"Dur\u00e9e de lecture estim\u00e9e\" \/>\n\t<meta name=\"twitter:data1\" content=\"1 minute\" \/>\n<script type=\"application\/ld+json\" class=\"yoast-schema-graph\">{\"@context\":\"https:\\\/\\\/schema.org\",\"@graph\":[{\"@type\":\"WebPage\",\"@id\":\"https:\\\/\\\/www.creastro.fr\\\/WP\\\/qui\\\/\",\"url\":\"https:\\\/\\\/www.creastro.fr\\\/WP\\\/qui\\\/\",\"name\":\"Qui suis-je ? - creastro\",\"isPartOf\":{\"@id\":\"https:\\\/\\\/www.creastro.fr\\\/WP\\\/#website\"},\"primaryImageOfPage\":{\"@id\":\"https:\\\/\\\/www.creastro.fr\\\/WP\\\/qui\\\/#primaryimage\"},\"image\":{\"@id\":\"https:\\\/\\\/www.creastro.fr\\\/WP\\\/qui\\\/#primaryimage\"},\"thumbnailUrl\":\"http:\\\/\\\/www.creastro.fr\\\/WP\\\/wp-content\\\/uploads\\\/2018\\\/05\\\/P1140362c-265x300.jpg\",\"datePublished\":\"2014-07-08T21:31:37+00:00\",\"dateModified\":\"2025-03-08T22:08:33+00:00\",\"breadcrumb\":{\"@id\":\"https:\\\/\\\/www.creastro.fr\\\/WP\\\/qui\\\/#breadcrumb\"},\"inLanguage\":\"fr-FR\",\"potentialAction\":[{\"@type\":\"ReadAction\",\"target\":[\"https:\\\/\\\/www.creastro.fr\\\/WP\\\/qui\\\/\"]}]},{\"@type\":\"ImageObject\",\"inLanguage\":\"fr-FR\",\"@id\":\"https:\\\/\\\/www.creastro.fr\\\/WP\\\/qui\\\/#primaryimage\",\"url\":\"https:\\\/\\\/www.creastro.fr\\\/WP\\\/wp-content\\\/uploads\\\/2018\\\/05\\\/P1140362c.jpg\",\"contentUrl\":\"https:\\\/\\\/www.creastro.fr\\\/WP\\\/wp-content\\\/uploads\\\/2018\\\/05\\\/P1140362c.jpg\",\"width\":595,\"height\":674},{\"@type\":\"BreadcrumbList\",\"@id\":\"https:\\\/\\\/www.creastro.fr\\\/WP\\\/qui\\\/#breadcrumb\",\"itemListElement\":[{\"@type\":\"ListItem\",\"position\":1,\"name\":\"Accueil\",\"item\":\"https:\\\/\\\/www.creastro.fr\\\/WP\\\/\"},{\"@type\":\"ListItem\",\"position\":2,\"name\":\"Qui suis-je ?\"}]},{\"@type\":\"WebSite\",\"@id\":\"https:\\\/\\\/www.creastro.fr\\\/WP\\\/#website\",\"url\":\"https:\\\/\\\/www.creastro.fr\\\/WP\\\/\",\"name\":\"creastro\",\"description\":\"L&#039;astrologie comme outil de connaissance de soi, participe \u00e0 mettre l&#039;\u00catre debout dans l&#039;univers\u2026\",\"potentialAction\":[{\"@type\":\"SearchAction\",\"target\":{\"@type\":\"EntryPoint\",\"urlTemplate\":\"https:\\\/\\\/www.creastro.fr\\\/WP\\\/?s={search_term_string}\"},\"query-input\":{\"@type\":\"PropertyValueSpecification\",\"valueRequired\":true,\"valueName\":\"search_term_string\"}}],\"inLanguage\":\"fr-FR\"}]}<\/script>\n<!-- \/ Yoast SEO plugin. -->","yoast_head_json":{"title":"Qui suis-je ? - creastro","robots":{"index":"index","follow":"follow","max-snippet":"max-snippet:-1","max-image-preview":"max-image-preview:large","max-video-preview":"max-video-preview:-1"},"canonical":"https:\/\/www.creastro.fr\/WP\/qui\/","og_locale":"fr_FR","og_type":"article","og_title":"Qui suis-je ? - creastro","og_description":"Bonjour, \u00a0je m&rsquo;appelle Philippe Sonneville. Il y a plus de 35 ans, que je m\u2019initie \u00e0 l\u2019\u00e9tude de la symbolique astrologique\u2026 Form\u00e9 \u00e0 la m\u00e9thode d\u2019investigation de la \u00ab m\u00e9moire du corps \u00bb, mes recherches m&rsquo;ont amen\u00e9 \u00e0 donner naissance \u00e0 l&rsquo;Astrologie en M\u00e9moire Cellulaire. La connaissance des Cycles Biologiques M\u00e9moris\u00e9s, l\u2019approche du D\u00e9codage Biologique, [...]","og_url":"https:\/\/www.creastro.fr\/WP\/qui\/","og_site_name":"creastro","article_modified_time":"2025-03-08T22:08:33+00:00","og_image":[{"url":"http:\/\/www.creastro.fr\/WP\/wp-content\/uploads\/2018\/05\/P1140362c-265x300.jpg","type":"","width":"","height":""}],"twitter_card":"summary_large_image","twitter_misc":{"Dur\u00e9e de lecture estim\u00e9e":"1 minute"},"schema":{"@context":"https:\/\/schema.org","@graph":[{"@type":"WebPage","@id":"https:\/\/www.creastro.fr\/WP\/qui\/","url":"https:\/\/www.creastro.fr\/WP\/qui\/","name":"Qui suis-je ? - creastro","isPartOf":{"@id":"https:\/\/www.creastro.fr\/WP\/#website"},"primaryImageOfPage":{"@id":"https:\/\/www.creastro.fr\/WP\/qui\/#primaryimage"},"image":{"@id":"https:\/\/www.creastro.fr\/WP\/qui\/#primaryimage"},"thumbnailUrl":"http:\/\/www.creastro.fr\/WP\/wp-content\/uploads\/2018\/05\/P1140362c-265x300.jpg","datePublished":"2014-07-08T21:31:37+00:00","dateModified":"2025-03-08T22:08:33+00:00","breadcrumb":{"@id":"https:\/\/www.creastro.fr\/WP\/qui\/#breadcrumb"},"inLanguage":"fr-FR","potentialAction":[{"@type":"ReadAction","target":["https:\/\/www.creastro.fr\/WP\/qui\/"]}]},{"@type":"ImageObject","inLanguage":"fr-FR","@id":"https:\/\/www.creastro.fr\/WP\/qui\/#primaryimage","url":"https:\/\/www.creastro.fr\/WP\/wp-content\/uploads\/2018\/05\/P1140362c.jpg","contentUrl":"https:\/\/www.creastro.fr\/WP\/wp-content\/uploads\/2018\/05\/P1140362c.jpg","width":595,"height":674},{"@type":"BreadcrumbList","@id":"https:\/\/www.creastro.fr\/WP\/qui\/#breadcrumb","itemListElement":[{"@type":"ListItem","position":1,"name":"Accueil","item":"https:\/\/www.creastro.fr\/WP\/"},{"@type":"ListItem","position":2,"name":"Qui suis-je ?"}]},{"@type":"WebSite","@id":"https:\/\/www.creastro.fr\/WP\/#website","url":"https:\/\/www.creastro.fr\/WP\/","name":"creastro","description":"L&#039;astrologie comme outil de connaissance de soi, participe \u00e0 mettre l&#039;\u00catre debout dans l&#039;univers\u2026","potentialAction":[{"@type":"SearchAction","target":{"@type":"EntryPoint","urlTemplate":"https:\/\/www.creastro.fr\/WP\/?s={search_term_string}"},"query-input":{"@type":"PropertyValueSpecification","valueRequired":true,"valueName":"search_term_string"}}],"inLanguage":"fr-FR"}]}},"_links":{"self":[{"href":"https:\/\/www.creastro.fr\/WP\/wp-json\/wp\/v2\/pages\/679","targetHints":{"allow":["GET"]}}],"collection":[{"href":"https:\/\/www.creastro.fr\/WP\/wp-json\/wp\/v2\/pages"}],"about":[{"href":"https:\/\/www.creastro.fr\/WP\/wp-json\/wp\/v2\/types\/page"}],"author":[{"embeddable":true,"href":"https:\/\/www.creastro.fr\/WP\/wp-json\/wp\/v2\/users\/1"}],"replies":[{"embeddable":true,"href":"https:\/\/www.creastro.fr\/WP\/wp-json\/wp\/v2\/comments?post=679"}],"version-history":[{"count":2,"href":"https:\/\/www.creastro.fr\/WP\/wp-json\/wp\/v2\/pages\/679\/revisions"}],"predecessor-version":[{"id":6874,"href":"https:\/\/www.creastro.fr\/WP\/wp-json\/wp\/v2\/pages\/679\/revisions\/6874"}],"wp:attachment":[{"href":"https:\/\/www.creastro.fr\/WP\/wp-json\/wp\/v2\/media?parent=679"}],"curies":[{"name":"wp","href":"https:\/\/api.w.org\/{rel}","templated":true}]}}

<p><a href="http://www.creastro.fr/WP/wp-content/uploads/2018/05/P1140362c.jpg"><img decoding="async" class="alignleft wp-image-3374" src="http://www.creastro.fr/WP/wp-content/uploads/2018/05/P1140362c-265x300.jpg" alt="" width="180" height="204" srcset="https://www.creastro.fr/WP/wp-content/uploads/2018/05/P1140362c-200x227.jpg 200w, https://www.creastro.fr/WP/wp-content/uploads/2018/05/P1140362c-265x300.jpg 265w, https://www.creastro.fr/WP/wp-content/uploads/2018/05/P1140362c-400x453.jpg 400w, https://www.creastro.fr/WP/wp-content/uploads/2018/05/P1140362c.jpg 595w" sizes="(max-width: 180px) 100vw, 180px" /></a>Bonjour,  je m&rsquo;appelle Philippe Sonneville.</p>
<p>Il y a plus de 35 ans, que je m’initie à l’étude de la symbolique astrologique…</p>
<p>Formé à la méthode d’investigation de la « mémoire du corps », mes recherches m&rsquo;ont amené à donner naissance à l&rsquo;Astrologie en Mémoire Cellulaire.</p>
<p>La connaissance des Cycles Biologiques Mémorisés, l’approche du Décodage Biologique, l’Olfactothérapie m’ont permis d’enrichir encore mon approche de cet art sacré…</p>
<p>Depuis 1990, j’enseigne l’Astrologie en Mémoire Cellulaire, pratique comme consultant et travaille en partenariat avec des thérapeutes et praticiens de médecines douces et alternatives…</p>

<p>Bonjour,  je m&rsquo;appelle Philippe Sonneville. Il y a plus de 35 ans, que je m’initie à l’étude de la symbolique astrologique… Formé à la méthode d’investigation de la « mémoire du corps », mes recherches m&rsquo;ont amené à donner naissance à l&rsquo;Astrologie en Mémoire Cellulaire. La connaissance des Cycles Biologiques Mémorisés, l’approche du Décodage Biologique,  [&#8230;]</p>

<!-- This site is optimized with the Yoast SEO plugin v27.3 - https://yoast.com/product/yoast-seo-wordpress/ -->
<title>Qui suis-je ? - creastro</title>
<meta name="robots" content="index, follow, max-snippet:-1, max-image-preview:large, max-video-preview:-1" />
<link rel="canonical" href="https://www.creastro.fr/WP/qui/" />
<meta property="og:locale" content="fr_FR" />
<meta property="og:type" content="article" />
<meta property="og:title" content="Qui suis-je ? - creastro" />
<meta property="og:description" content="Bonjour,  je m&rsquo;appelle Philippe Sonneville. Il y a plus de 35 ans, que je m’initie à l’étude de la symbolique astrologique… Formé à la méthode d’investigation de la « mémoire du corps », mes recherches m&rsquo;ont amené à donner naissance à l&rsquo;Astrologie en Mémoire Cellulaire. La connaissance des Cycles Biologiques Mémorisés, l’approche du Décodage Biologique, [...]" />
<meta property="og:url" content="https://www.creastro.fr/WP/qui/" />
<meta property="og:site_name" content="creastro" />
<meta property="article:modified_time" content="2025-03-08T22:08:33+00:00" />
<meta property="og:image" content="http://www.creastro.fr/WP/wp-content/uploads/2018/05/P1140362c-265x300.jpg" />
<meta name="twitter:card" content="summary_large_image" />
<meta name="twitter:label1" content="Durée de lecture estimée" />
	<meta name="twitter:data1" content="1 minute" />
<script type="application/ld+json" class="yoast-schema-graph">{"@context":"https:\/\/schema.org","@graph":[{"@type":"WebPage","@id":"https:\/\/www.creastro.fr\/WP\/qui\/","url":"https:\/\/www.creastro.fr\/WP\/qui\/","name":"Qui suis-je ? - creastro","isPartOf":{"@id":"https:\/\/www.creastro.fr\/WP\/#website"},"primaryImageOfPage":{"@id":"https:\/\/www.creastro.fr\/WP\/qui\/#primaryimage"},"image":{"@id":"https:\/\/www.creastro.fr\/WP\/qui\/#primaryimage"},"thumbnailUrl":"http:\/\/www.creastro.fr\/WP\/wp-content\/uploads\/2018\/05\/P1140362c-265x300.jpg","datePublished":"2014-07-08T21:31:37+00:00","dateModified":"2025-03-08T22:08:33+00:00","breadcrumb":{"@id":"https:\/\/www.creastro.fr\/WP\/qui\/#breadcrumb"},"inLanguage":"fr-FR","potentialAction":[{"@type":"ReadAction","target":["https:\/\/www.creastro.fr\/WP\/qui\/"]}]},{"@type":"ImageObject","inLanguage":"fr-FR","@id":"https:\/\/www.creastro.fr\/WP\/qui\/#primaryimage","url":"https:\/\/www.creastro.fr\/WP\/wp-content\/uploads\/2018\/05\/P1140362c.jpg","contentUrl":"https:\/\/www.creastro.fr\/WP\/wp-content\/uploads\/2018\/05\/P1140362c.jpg","width":595,"height":674},{"@type":"BreadcrumbList","@id":"https:\/\/www.creastro.fr\/WP\/qui\/#breadcrumb","itemListElement":[{"@type":"ListItem","position":1,"name":"Accueil","item":"https:\/\/www.creastro.fr\/WP\/"},{"@type":"ListItem","position":2,"name":"Qui suis-je ?"}]},{"@type":"WebSite","@id":"https:\/\/www.creastro.fr\/WP\/#website","url":"https:\/\/www.creastro.fr\/WP\/","name":"creastro","description":"L&#039;astrologie comme outil de connaissance de soi, participe à mettre l&#039;Être debout dans l&#039;univers…","potentialAction":[{"@type":"SearchAction","target":{"@type":"EntryPoint","urlTemplate":"https:\/\/www.creastro.fr\/WP\/?s={search_term_string}"},"query-input":{"@type":"PropertyValueSpecification","valueRequired":true,"valueName":"search_term_string"}}],"inLanguage":"fr-FR"}]}</script>
<!-- / Yoast SEO plugin. -->

Bonjour,  je m&rsquo;appelle Philippe Sonneville. Il y a plus de 35 ans, que je m’initie à l’étude de la symbolique astrologique… Formé à la méthode d’investigation de la « mémoire du corps », mes recherches m&rsquo;ont amené à donner naissance à l&rsquo;Astrologie en Mémoire Cellulaire. La connaissance des Cycles Biologiques Mémorisés, l’approche du Décodage Biologique, [...]

L&#039;astrologie comme outil de connaissance de soi, participe à mettre l&#039;Être debout dans l&#039;univers…
